on divisor of 111 and c?
111
Suppose 10623*k - 10600*k - 123855 = 0. What is the highest common divisor of 25 and k?
5
Suppose 19041*g + 29696 = 19049*g. Calculate the highest common divisor of g and 96.
32
Suppose 0 = -18*z + 14*z. Suppose 30*q - 34*q + 20 = z. Suppose 2*i + v = -i + 595, -3*v + 993 = q*i. What is the highest common divisor of i and 22?
22
Let p(a) = 5*a**2 - 4*a**2 - 13 + 4*a + 0*a**2 + 80. Let k be p(-8). Calculate the greatest common divisor of k and 132.
33
Let s(h) = 8*h**2 - 7*h + 10. Let y be s(-4). Let z = -96 + y. What is the greatest common divisor of 10 and z?
10
Suppose -3*b + 961 - 3631 = -6*b. Calculate the highest common divisor of 15 and b.
5
Let g(j) = 113*j - 1857. Let q be g(17). Suppose i - 8 = -3*i. Calculate the highest common factor of i and q.
2
Let i be (8/3)/(18/(-27)). Let k be (i/3)/((-4)/(-366)). Let z = 128 + k. Calculate the greatest common divisor of z and 4.
2
Suppose 2*b + 3*b - 305 = 0. Suppose 0 = -5*n - 2*p + 80, -2*n + 3*p = 10 - b. Let v = 26410 + -26404. What is the greatest common factor of n and v?
6
Let k be ((-1)/7)/((-44)/308). Suppose -19*b = -18 - k. Calculate the highest common factor of 13 and b.
1
Suppose -3*p + 7*p = 188. Suppose -4*a - 5*x = -p, -a + 0*x - 2*x = -11. Let f be (-6 + 4 + -11)/(1/(-9)). What is the greatest common divisor of a and f?
13
Let k = 306 + -303. Suppose 0 = k*w - 5*q - 93 - 52, -q - 182 = -4*w. What is the highest common divisor of 10 and w?
5
Let b(n) = -n**2 + 3*n + 24. Let s be b(5). Let g be 9444/84 - 6/s. Calculate the highest common factor of 126 and g.
14
Let d = -8766 + 8810. Suppose -118 + 346 = 5*n - 4*z, 0 = 4*n - z - 178. What is the greatest common factor of n and d?
44
Let q be (4/(-13))/((-264)/1716). Let j(t) = 22*t**3 - 5*t**2 + 4*t - 5. Let n be j(q). Calculate the highest common factor of n and 106.
53
Let s = -2231 + 2247. Calculate the highest common factor of s and 1296.
16
Let t be 1136 - 22/((-264)/(-180)). Calculate the highest common factor of t and 19.
19
Let a be ((-1076)/6)/((-54)/81). Suppose 3*n + 155 = a. Let o = 429 + -239. Calculate the greatest common divisor of o and n.
38
Let j(k) be the second derivative of -k**4/12 - 6*k**3 - 21*k**2/2 + 78*k. Let y be j(-35). Calculate the highest common divisor of y and 2.
2
Suppose -1904 = -b + 99*a - 97*a, 3*b - 5712 = -2*a. What is the greatest common factor of b and 1666?
238
Suppose 0 = 2*l - 0*k - 5*k - 219, 4*l = -k + 383. Let u(h) = -42*h + 1383. Let d be u(26). What is the highest common factor of d and l?
97
Let z(n) = -n**3 - 3*n**2 - 4. Let w be (7/(63/(-9)))/((-1)/(-5)). Let d be z(w). What is the greatest common divisor of d and 23?
23
Let t be 39/(-10) + 4 + 12128/320. What is the greatest common factor of 2 and t?
2
Let u = 718 + -708. Let j be 5/u*32*2. Suppose -4*v + 52 = x, 4*x - 3*v = -v + 190. What is the highest common divisor of x and j?
16
Let v = -151 + 235. Suppose m - 131 = -4*h + 53, 4*h = 5*m + 184. Let u = -34 + h. Calculate the greatest common divisor of v and u.
12
Let n = 57 + -230. Let k = 211 + n. Calculate the greatest common factor of 152 and k.
38
Suppose 10 = -6*p + 196. Let r = p + -22. What is the greatest common divisor of r and 21?
3
Suppose 18 = 5*t + t. Suppose -r - 29 = -t*d, 4*d + r = d + 25. What is the greatest common factor of d and 1?
1
Suppose 12 = -3*t, 0 = 10*j - 7*j - t - 37. Let f = -183 + 185. What is the highest common divisor of f and j?
1
Let f be (0 + 0)*(13 - 12). Suppose o + 551 = 6*o - 3*r, f = 4*o - 3*r - 439. What is the highest common divisor of o and 4?
4
Let d(k) = k**3 - 102*k**2 + 576*k + 274. Let x be d(96). What is the highest common factor of 1781 and x?
137
Let f be 9/(-10)*-8*30/9. Suppose p - 459 = -423. Calculate the highest common factor of p and f.
12
Suppose -7411*c = -7425*c + 41272. Calculate the greatest common factor of 88 and c.
44
Suppose 29*v + 15271 - 118481 = 26101. What is the highest common divisor of 13 and v?
13
Suppose 3*f = -3*m + 399, 0 = -0*f + 2*f - 3*m - 251. Suppose 58 = -4*a + f. Calculate the highest common divisor of a and 2.
2
Suppose 80*a = -1015 + 39095. What is the highest common factor of 4828 and a?
68
Let x be (69/8)/((-48)/(-64))*(-4)/(-2). Calculate the greatest common factor of 9131 and x.
23
Let n(i) = -4*i**2 + 98*i - 413. Let t be n(19). Let j be (2*-1 - -1) + 3. Let x be (j - 2) + 0 - -1. Calculate the highest common factor of t and x.
1
Let i(b) = -b**3 + b**2 + 7*b + 22. Let d be i(-7). Let m = -354 + d. Calculate the greatest common factor of m and 583.
11
Let d = 7 - 6. Let n be d*1/2*4. Let p be ((-6)/(-22))/(49/539). What is the greatest common divisor of n and p?
1
Let r(a) = -27*a - 481. Let p be r(-20). What is the greatest common divisor of p and 3776?
59
Let m = -624 - -626. Suppose 6*x - x - 2465 = -2*i, 0 = m*i + 3*x - 2459. Calculate the greatest common divisor of i and 25.
25
Let a = 49 + -26. Let r = 27 - a. Suppose -4294*w = -4308*w + 224. Calculate the greatest common factor of r and w.
4
Let l = -2796 + 2806. Let d be 4540/35 - (-6)/21. Calculate the greatest common factor of l and d.
10
Let a be (137 - 134)/(2/(-7) - 19/(-42)). What is the greatest common factor of 61038 and a?
18
Suppose -4*b = -3*q - 9*b + 357, 357 = 3*q + 3*b. Let l = q + -79. Let n be -1 + 3 - (1 - (2 - -2)). Calculate the highest common factor of l and n.
5
Let a be (18/(-45))/(8/10) - (-1228)/8. What is the greatest common factor of a and 147?
3
Suppose 81*l + 78*l - 155*l - 8316 = 0. What is the greatest common divisor of 945 and l?
189
Let o be (-4200)/(364/13)*(-9)/3. What is the highest common divisor of 11160 and o?
90
Let d = -16846 + 16866. Calculate the greatest common divisor of 14230 and d.
10
Let n be 386/(-965)*(-2971 + 1). Calculate the greatest common factor of 88 and n.
44
Suppose 13*b - 1578 - 416 + 148 = 0. Calculate the greatest common factor of b and 994.
142
Let o(l) = 27*l - 3. Let h be o(11). Let v = h - 134. Suppose 0 = -0*r + 2*r - v. What is the greatest common factor of 16 and r?
16
Let c(u) = u**3 - 7*u**2 - 8*u + 2. Let f be c(8). Suppose f*h + 1 = 3. Suppose 171*z = 69*z + 306. What is the highest common factor of h and z?
1
Let m = 878 - 1716. Let c = 850 + m. What is the greatest common divisor of c and 84?
12
Suppose 743*c + 2886 = 780*c. What is the greatest common divisor of c and 390?
78
Let o be (-58)/(3/168*-2). Suppose -5*p + 96 = -o. Let i = 47559 + -47516. Calculate the greatest common divisor of i and p.
43
Suppose 0 = -5*q + 4*g + 1162, 2*g + 229 + 469 = 3*q. Suppose -83*o = -86*o + 54. What is the greatest common divisor of q and o?
18
Suppose -34*k - 133*k + 121104 = 65*k. Calculate the greatest common divisor of 144 and k.
18
Let i(d) = 221*d + 2*d**2 + 14 + 214*d - 414*d. Let f be i(-12). Suppose 0 = -0*g - g + 20. What is the greatest common divisor of f and g?
10
Suppose -48*q + 58*q = 2090. What is the highest common factor of 22 and q?
11
Let z be 2 + -2 + (-42)/(-3). Let f = 58 + -55. Suppose -58 - 5 = -f*a. Calculate the greatest common factor of z and a.
7
Suppose 4*u - 2978 = -2*t, 0 = 138*t - 139*t - u + 1492. Calculate the greatest common factor of t and 455.
65
Let p(w) = -w**3 - 41*w**2 + 38*w - 139. Let z be p(-42). What is the highest common factor of z and 8033?
29
Suppose -7*p = -1028 - 78. Let a = p - 50. Let m = a + -31. Calculate the highest common factor of 33 and m.
11
Let g be (360/16)/1*72/10. What is the highest common divisor of g and 12798?
162
Suppose 107415 = 321*r - 222*r. Calculate the greatest common divisor of 35 and r.
35
Let q be (-2 - 3) + 0 + 1088. Suppose 3*f - 230 = -4*a - 8, 2*f = -4. Calculate the greatest common factor of q and a.
57
Let o(n) = 2*n**2 + 5*n - 3. Let d be o(6). Let u be (-103)/(-21) + 14/147. Suppose -u*m + 344 = 299. Calculate the greatest common divisor of d and m.
9
Suppose 2*l + 4*u = 2*u + 24, 4*u = -2*l + 18. Suppose 4*h + 4 + 4 = 0. Let w be -3 + (-2 - h) - (-36)/4. Calculate the highest common factor of l and w.
3
Let f(n) = 88*n**2 + 347*n - 13. Let z be f(-9). What is the highest common divisor of z and 48?
8
Suppose -28 = -3*y + 56. Let s be (12/10 - 0)/((-2)/(-5420)). Suppose s = -44*o + 16804. What is the highest common divisor of o and y?
28
Let b b